- (1 + -10). Let z = t + 27. List the prime factors of z.
2, 5
Suppose v = c - 6, -v = c + 3*c - 14. Suppose -23 = t - 2*t + u, 4 = -c*u. What are the prime factors of t?
2, 11
Suppose c + c - 3*m - 10 = 0, -3*m = -5*c + 25. Let j = -44 + 63. Suppose c*s - 3*n - 9 = 26, s = 3*n + j. What are the prime factors of s?
2
What are the prime factors of 2*((-462)/(-4) + 3/(-6))?
2, 5, 23
Suppose -4*o + 93 = v, 2*v - 2*o - 75 = v. Let p(g) = -2*g**2 + 10*g - 8. Let z be p(8). Let c = v + z. What are the prime factors of c?
5
Suppose -5 = -2*y - 41. Let v = 102 - y. What are the prime factors of v?
2, 3, 5
Suppose -5*w + 2067 = -3*d, 4*w + 2*d - 7*d = 1664. What are the prime factors of w?
3, 137
Suppose -2*g = -7*q + 2*q + 371, q - 64 = -3*g. Suppose y - q - 83 = 0. What are the prime factors of y?
2, 3, 13
Let q = 17 + -13. Let u(y) = 2*y + 9 + 3*y - 3*y + 7*y. List the prime factors of u(q).
3, 5
Suppose -135*b = -86*b - 92071. What are the prime factors of b?
1879
Suppose 6 = -2*j, -5*l = j - 128 + 51. What are the prime factors of (-585)/30*l/(-6)?
2, 13
What are the prime factors of (18/(-15))/((-12)/12630)?
3, 421
Let p = 305 - 68. What are the prime factors of p?
3, 79
Suppose 2*u = -3*z - 2, 2*z = 5*u - 2*u + 3. Suppose 6 = -2*k, 0 = -z*l - 4*l + 2*k + 50. What are the prime factors of l?
11
Let a be 19 - 17 - (-38 + 1*-1). Suppose 2*w - 119 = a. List the prime factors of w.
2, 5
Let g(v) be the first derivative of v**4/4 - 16*v**3/3 + 2*v**2 - 9*v - 12. What are the prime factors of g(16)?
5, 11
Suppose 3*v + j - 5 = 0, -3*j = 3*v + 2*v - 7. Let o(l) = -1307 + 648 + 655 + 9*l. What are the prime factors of o(v)?
2, 7
Suppose -93*t = -66*t - 23166. What are the prime factors of t?
2, 3, 11, 13
Suppose 0 = 2*n + 10, -5*n - 903 = -u - 10*n. List the prime factors of u.
2, 29
Let d(a) = 17*a**2 - 4*a + 4. Suppose -4*c - 2*i + 6*i = -36, 25 = -5*i. Suppose -2*l - 4 = -c*l. List the prime factors of d(l).
2
Suppose -6*t = -8*t + 6. Let k be 7*(-3)/9*t. Let m(o) = -o**3 - 6*o**2 + 4*o - 6. List the prime factors of m(k).
3, 5
Let z(c) = 26*c**2 + 15*c + 6. What are the prime factors of z(-4)?
2, 181
Suppose 5*u = -4*q - 56, 0 = -2*u + u + 5*q + 12. Let r = u + 10. List the prime factors of (-7 - 0)*(r - 8).
2, 3, 7
Let v = 47 + -44. Suppose -132 = -v*f + 8*o - 3*o, 12 = 4*o. What are the prime factors of f?
7
Suppose -333 = -y + 3*g + 1330, 3*g = 0. List the prime factors of y.
1663
Suppose -21834 = -5*j - 153*b + 155*b, -5*j - 2*b = -21826. What are the prime factors of j?
2, 37, 59
Let i(w) = -5*w - 6. Let g(v) = v. Let q(u) = -2*g(u) + i(u). List the prime factors of q(-9).
3, 19
Suppose -1407 + 187 = -5*g. Let a = g - 128. What are the prime factors of a?
2, 29
Let n(a) = -a**2 - 5*a + 3. Let t be n(-5). Suppose 0 = -2*p + t*p - 24. What are the prime factors of ((-2)/4)/((-2)/p)?
2, 3
Let l = -89 - -93. Suppose -3*y - 118 = -4*k + 2*k, y - 236 = -l*k. List the prime factors of k.
59
Suppose 4840 = -122*l + 130*l. List the prime factors of l.
5, 11
Let i(q) = 41*q. Let k be i(5). Suppose 4*l = g - 80, 5*l + k = 3*g - 0*l. Suppose -5*j + g = -30. What are the prime factors of j?
2, 3
Let s = 8 + 20. Let p = s - 25. Suppose 0 = -p*w + 38 + 19. List the prime factors of w.
19
Let w = 1154 + 2144. List the prime factors of w.
2, 17, 97
Suppose -109 = -2*l - 3*r, 5*l + r - 285 = -4*r. Suppose s - l = 9. List the prime factors of s.
71
Suppose -5*x - 55 - 30 = 0. Let k = -42 - x. Let m = k + 43. What are the prime factors of m?
2, 3
Suppose 9*v - 1269 - 10044 = 0. List the prime factors of v.
3, 419
Let f(r) = r**3 - 16*r**2 + 19*r + 7. Let a be f(15). Suppose a = 5*u - 33. What are the prime factors of u?
2, 5
Let v = -41 + 41. Suppose 3*s - 1 = 5*f, 5*s + f + 17 = -0*s. List the prime factors of s/(v + 3/(-62)).
2, 31
Suppose 0 = -4*o + o + 165. Let l be (-84)/(-22) + 10/o. Suppose -5*y = -l*x, 3*y = -5*x + 2*y + 29. What are the prime factors of x?
5
Let n = 721 - 406. What are the prime factors of n?
3, 5, 7
Let p(s) = -s**2 - 13*s - 2. Let n be p(-12). List the prime factors of (-1 + 5/n)*-386.
193
Let f(h) = 33*h - 132. What are the prime factors of f(22)?
2, 3, 11
Let a(g) = -2*g**3 + 14*g - 21. What are the prime factors of a(-7)?
3, 7
List the prime factors of ((-2)/(-3))/(-5 - (-210702)/42138).
2341
Let w = -105 - -147. Let d be 2/(-3) + (-2366)/w. What are the prime factors of ((-3)/1)/(d/817)?
43
Suppose 0 = -3*a + 11 + 76. Suppose 0 = 4*t - a - 11. Suppose 0*j + 3*p = -j + t, -3*j - p = -46. List the prime factors of j.
2
Let l(i) = -i**3 - 4*i**2 - 4*i - 5. Let r be l(-4). Suppose 2*u + r = 123. What are the prime factors of u?
2, 7
Let f(n) = 2*n**2 - 104*n - 27. What are the prime factors of f(-12)?
3, 503
Suppose -6*n - 2933 = -179. Let m = -307 - n. List the prime factors of m.
2, 19
Let a be ((-2)/5)/((-1)/15). Let q = a + -9. Let d = q + 5. What are the prime factors of d?
2
Let s be -3 + 0 + 0 + -19. Let w = s + 20. What are the prime factors of w/(-13) + (-1281)/(-39)?
3, 11
Let l = 474 + -191. What are the prime factors of l?
283
Suppose -5*y + 123 = 2*v - 371, 12 = -3*y. List the prime factors of v.
257
Let q(z) = 40*z. Suppose 0 + 1 = o. List the prime factors of q(o).
2, 5
Let o(j) = -188*j - 122. List the prime factors of o(-18).
2, 7, 233
Let v = 193 + -68. List the prime factors of v.
5
Let r(v) = -3*v**2 + 2*v + 7. Suppose 2*t + 2*t - 4*u - 32 = 0, -34 = -5*t + 2*u. Let y be r(t). Let a = -61 - y. What are the prime factors of a?
2, 7
Let j be (-1 - (4 + -7))/(4/2486). Suppose 0 = -7*p + j - 375. List the prime factors of p.
2, 31
Let k(f) = 2*f**2 - 4*f - 1. Let c = -1 + 11. Suppose 2*b - c + 2 = 0. List the prime factors of k(b).
3, 5
Let c be (-6)/36 - (-31)/6. Suppose y + 2*y + 3*a - 315 = 0, -c*a = y - 125. Suppose 4*z - 2*z = y. List the prime factors of z.
2, 5
Suppose 3 + 3 = 3*j. Suppose 5*x - 75 = 2*d - 0*d, 0 = -j*x + 4*d + 30. What are the prime factors of x?
3, 5
Suppose -2*i + 16 = -6*i. Let w be (-3)/1 + 2 - i. Suppose 3*k - w*d = 15, -3*k = -4*k - 5*d + 23. List the prime factors of k.
2
Suppose 0 = -5*h - 34 - 106. Let w = h - -48. List the prime factors of w.
2, 5
Let b(y) = -53*y + 17. What are the prime factors of b(-17)?
2, 3, 17
Let l be (5 - 0)*(-16)/(-16). List the prime factors of -5*(2 - l) + 3 + -2.
2
Suppose 4*r = 5*s - 1144, 4*r + 0*s + s = -1168. List the prime factors of (-3)/18 + r/(-18)*7.
113
Let g(t) = t**3 - 10*t**2 + t + 23. Let q be g(10). Suppose -5*c - m + 4*m = -173, c = -m + q. What are the prime factors of c?
2, 17
Suppose -7*i + 3367 - 231 = 0. List the prime factors of i.
2, 7
Let b(j) = j**3 - 53*j**2 + 173*j - 16. List the prime factors of b(50).
2, 3, 7
Suppose -v - 24 = -2*v - 5*q, 0 = 4*v - 4*q - 24. Let k be v/12 + (-2)/(-8). What are the prime factors of k/2*(134 - 0)?
67
Let s be ((-334)/(-10))/((-20)/(-100)). Suppose h = o - 157, 3*o = 5*h + s + 306. Suppose 0 = -3*a - a + o. List the prime factors of a.
3, 13
Let v(k) = 110*k**3 + 11*k**2 - 10*k - 1. What are the prime factors of v(1)?
2, 5, 11
Let l be -388*(-6)/24 - (0 - -1). Suppose 0 = -6*z + 12*z - l. What are the prime factors of z?
2
Let i = 794 + -410. Let u = i - 144. List the prime factors of u.
2, 3, 5
What are the prime factors of (3*497)/((-18)/(-12))?
2, 7, 71
Let i = -20 + 22. What are the prime factors of (10 - 11)*(-42 + i)?
2, 5
Let t = -12 + 14. Suppose 3*c - 5*c + 296 = t*v, 5*c = 25. List the prime factors of v.
11, 13
Suppose 0 = -5*j - 3*q + 902, 13*j - 16*j - 4*q + 550 = 0. What are the prime factors of j?
2, 89
Let u be 7/(-2)*(-8)/14. Suppose -6 = -u*z, 2*r - 4*z = z + 293. List the prime factors of r.
2, 7, 11
Let c(g) = -7*g**2 + 0 + 9*g**2 + 24 + 12*g. List the prime factors of c(-10).
2, 13
Suppose -x = -17 + 13. Suppose 47 = 3*s + 2*d, 0 = x*s - s - 3*d - 57. Suppose -b + 5*p = -s + 1, 2*b - p = 23. What are the prime factors of b?
11
Let k = -3010 - 3218. What are the prime factors of (8/(-6))/(-2)*k/(-24)?
173
Let c = 30 - 28. Suppose -c*k + 58 = -7*w + 2*w, 0 = k - 2*w - 31. What are the prime factors of k?
3, 13
Let f be 198 + 1/(4 - 5). Suppose -5*k = -f - 183. What are the prime factors of k?
2, 19
Let m be (-30)/4 - (-1)/2. Let x(r) = -9 - 3*r + r + 1. List the prime factors 